?
3
What is the units digit of 1247?
7
What is the thousands digit of 1015?
1
What is the units digit of 3266?
6
What is the units digit of 94144?
4
What is the hundreds digit of 3725?
7
What is the ten thousands digit of 92366?
9
What is the units digit of 1135?
5
What is the tens digit of 36978?
7
What is the hundreds digit of 558?
5
What is the ten thousands digit of 114342?
1
What is the tens digit of 692?
9
What is the tens digit of 30902?
0
What is the units digit of 7025?
5
What is the hundreds digit of 53427?
4
What is the thousands digit of 65328?
5
What is the hundreds digit of 585?
5
What is the hundreds digit of 145?
1
What is the hundreds digit of 97915?
9
What is the units digit of 2331?
1
What is the tens digit of 2397?
9
What is the thousands digit of 17470?
7
What is the tens digit of 10996?
9
What is the tens digit of 1185?
8
What is the hundreds digit of 768?
7
What is the tens digit of 2505?
0
What is the tens digit of 2843?
4
What is the units digit of 5056?
6
What is the units digit of 105274?
4
What is the units digit of 993?
3
What is the tens digit of 1505?
0
What is the units digit of 35?
5
What is the tens digit of 926?
2
What is the thousands digit of 1554?
1
What is the thousands digit of 13580?
3
What is the ten thousands digit of 78255?
7
What is the ten thousands digit of 36422?
3
What is the hundreds digit of 6951?
9
What is the units digit of 8848?
8
What is the units digit of 38153?
3
What is the thousands digit of 2860?
2
What is the tens digit of 19254?
5
What is the thousands digit of 6524?
6
What is the ten thousands digit of 47157?
4
What is the hundreds digit of 1048?
0
What is the units digit of 1810?
0
What is the tens digit of 16054?
5
What is the ten thousands digit of 109558?
0
What is the units digit of 22336?
6
What is the tens digit of 3848?
4
What is the hundreds digit of 5805?
8
What is the units digit of 61808?
8
What is the hundreds digit of 47692?
6
What is the thousands digit of 57696?
7
What is the thousands digit of 4573?
4
What is the thousands digit of 59856?
9
What is the thousands digit of 7393?
7
What is the units digit of 927?
7
What is the thousands digit of 4322?
4
What is the hundreds digit of 18525?
5
What is the tens digit of 775?
7
What is the tens digit of 1604?
0
What is the tens digit of 8302?
0
What is the tens digit of 917?
1
What is the hundreds digit of 4161?
1
What is the thousands digit of 22527?
2
What is the thousands digit of 13845?
3
What is the thousands digit of 80582?
0
What is the hundreds digit of 1108?
1
What is the hundreds digit of 2527?
5
What is the hundreds digit of 12563?
5
What is the tens digit of 921?
2
What is the hundreds digit of 4200?
2
What is the units digit of 59?
9
What is the units digit of 4336?
6
What is the thousands digit of 3072?
3
What is the tens digit of 384?
8
What is the tens digit of 7669?
6
What is the units digit of 982?
2
What is the units digit of 3550?
0
What is the ten thousands digit of 10541?
1
What is the thousands digit of 1199?
1
What is the tens digit of 902?
0
What is the tens digit of 535?
3
What is the tens digit of 499?
9
What is the thousands digit of 2342?
2
What is the units digit of 2790?
0
What is the units digit of 475?
5
What is the tens digit of 53368?
6
What is the hundreds digit of 11854?
8
What is the thousands digit of 5865?
5
What is the tens digit of 14764?
6
What is the hundreds digit of 21190?
1
What is the tens digit of 14275?
7
What is the units digit of 1030?
0
What is the thousands digit of 1752?
1
What is the units digit of 35581?
1
What is the hundreds digit of 26846?
8
What is the hundreds digit of 460?
4
What is the units digit of 12815?
5
What is the thousands digit of 35003?
5
What is the hundreds digit of 403?
4
What is the tens digit of 300?
0
What is the ten thousands digit of 16867?
1
What is the ten thousands digit of 15394?
1
What is the units digit of 24590?
0
What is the tens digit of 8637?
3
What is the tens digit of 674?
7
What is the hundreds digit of 9968?
9
What is the units digit of 140704?
4
What is the units digit of 61?
1
What is the hundreds digit of 3762?
7
What is the hundreds digit of 282?
2
What is the thousands digit of 18887?
8
What is the tens digit of 771?
7
What is the ten thousands digit of 19139?
1
What is the ten thousands digit of 16392?
1
What is the tens digit of 5466?
6
What is the tens digit of 1583?
8
What is the tens digit of 40960?
6
What is the units digit of 816?
6
What is the units digit of 25534?
4
What is the ten thousands digit of 118421?
1
What is the tens digit of 3096?
9
What is the hundreds digit of 34986?
9
What is the tens digit of 3602?
0
What is the tens digit of 36?
3
What is the tens digit of 3517?
1
What is the hundreds digit of 3763?
7
What is the thousands digit of 27167?
7
What is the thousands digit of 78425?
8
What is the thousands digit of 16576?
6
What is the tens digit of 2316?
1
What is the hundreds digit of 15711?
7
What is the tens digit of 402?
0
What is the units digit of 82759?
9
What is the ten thousands digit of 46723?
4
What is the tens digit of 5432?
3
What is the hundreds digit of 76652?
6
What is the tens digit of 61?
6
What is the thousands digit of 1907?
1
What is the thousands digit of 25643?
5
What is the units digit of 19729?
9
What is the hundreds digit of 654?
6
What is the hundreds digit of 12458?
4
What is the tens digit of 553?
5
What is the units digit of 532?
2
What is the tens digit of 561?
6
What is the units digit of 10956?
6
What is the thousands digit of 2689?
2
What is the tens digit of 8702?
0
What is the hundreds digit of 1229?
2
What is the tens digit of 1228?
2
What is the thousands digit of 4251?
4
What is the thousands digit of 48363?
8
What is the hundreds digit of 318?
3
What is the units digit of 60523?
3
What is the ten thousands digit of 97526?
9
What is the tens digit of 32989?
8
What is the units digit of 571?
1
What is the hundreds digit of 8929?
9
What is the hundreds digit of 1333?
3
What is the units digit of 6873?
3
What is the thousands digit of 1203?
1
What is the hundreds digit of 4267?
2
What is the ten thousands digit of 71642?
7
What is the units digit of 510?
0
What is the units digit of 440?
0
What is the units digit of 6073?
3
What is the thousands digit of 33878?
3
What is the units digit of 72346?
6
What is the tens digit of 3316?
1
What is the units digit of 24716?
6
What is the units digit of 846?
6
What is the thousands digit of 3985?
3
What is the tens digit of 1392?
9
What is the tens digit of 12855?
5
What is the hundreds digit of 4828?
8
What is the units digit of 807?
7
What is the thousands digit of 12922?
2
What is the units digit of 8349?
9
What is the units digit of 14663?
3
What is the hundreds digit of 2179?
1
What is the ten thousands digit of 51374?
5
What is the units digit of 3239?
9
What is the units digit of 69013?
3
What is the units digit of 292?
2
What is the tens digit of 8391?
9
What is the thousands digit of 31533?
1
What is the thousands digit of 3394?
3
What is the hundreds digit of 9574?
5
What is the tens digit of 10484?
8
What is the tens digit of 1087?
8
What is the units digit of 70591?
1
What is the thousands digit of 9072?
9
What is the tens digit of 845?
4
What is the units digit of 57?
7
What is the hundreds digit of 3715?
7
What is the units digit of 811?
1
What is the units digit of 239?
9
What is the units digit of 22009?
9
What is the units digit of 1308?
8
What is the units digit of 8617?
7
What is the tens digit of 5893?
9
What is the ten thousands digit of 16935?
1
What is the thousands digit of 18284?
8
What is the thousands digit of 10170?
0
What is the units digit of 1772?
2
What is the units digit of 1829?
9
What is the tens digit of 9809?
0
What is the tens digit of 1600?
0
What is the tens digit of 1560?
6
What is the thousands digit of 4427?
4
What is the units digit of 65012?
2
What is the hundreds digit of 581?
5
What is the hundreds digit of 6518?
5
What is the tens digit of 629?
2
What is the hundreds digit of 16645?
6
What is the tens digit of 85?
8
What is the hundreds digit of 196536?
5
What is the units digit of 72097?
7
What is the units digit of 6039?
9
What is the tens digit of 994?
9
What is the units